-y. Let i(f) = -6*b(f) + o(f). Determine i(-7).
-9
Let j(i) = 26*i - 93. Let f be j(4). Let z(v) = v**2 - 12*v + 4. Calculate z(f).
-7
Suppose -14 - 10 = -2*s + 4*t, -10 = 5*t. Let k(g) = -g**3 + 10*g**2 - g - 17*g**2 + 4 + 16*g**2 - 9*g. Calculate k(s).
-12
Let t(i) = -2*i - 4. Let y = 22 + -23. Let d be (2 + -4)*y - 24. Let m = 18 + d. Calculate t(m).
4
Let z(j) be the first derivative of -j**6/360 - 7*j**5/120 - j**4/12 + 5*j**3/3 + 39. Let c(p) be the third derivative of z(p). Give c(-3).
10
Suppose -156 = 39*g - 10*g - 3*g. Let p(t) = 4*t + 8. Let v(u) = 12*u + 24. Let j(l) = 8*p(l) - 3*v(l). What is j(g)?
16
Let u(d) = -5*d**2 + 2*d. Let k be 5 - -1 - (-82 - -86). What is u(k)?
-16
Let x be (-12)/66 - 48/(-22). Let j(o) = 1 + x - 2 + 2 - 3*o. What is j(3)?
-6
Let q(s) be the second derivative of s**4/24 + s**3/6 + 2*s**2 - 6*s. Let v(m) be the first derivative of q(m). Calculate v(-1).
0
Let l(v) = -v**3 - 5*v**2 - 5*v - 3. Let u(y) = 8*y**2 - 16*y + 13 + y**3 + 3*y**2 - 2*y**2 + 7*y**2. Let i be u(-17). Calculate l(i).
1
Let s(l) be the third derivative of -7*l**4/24 - 7*l**3/3 - 686*l**2. Calculate s(-10).
56
Suppose 3*x = v + 2, 0*x + v = -4*x - 9. Let d be -4*(-6)/6 + 2*x. Let o(z) = 2*z - 3. Calculate o(d).
1
Suppose 13*c + 280 = -15*c. Let j(w) = w**3 + 10*w**2 + 2*w + 12. What is j(c)?
-8
Let p(o) = -o**2 + 4*o - 4*o + 1. Let z = -328 + 327. Give p(z).
0
Suppose -3*o + 50 = 2*o. Suppose -o = -4*p + 14. Let b(s) = 4*s**2 + 6 - 3*s**2 - 8*s + 1. Determine b(p).
-5
Let r(p) be the first derivative of -p**3/3 - 5*p**2/2 - 5*p - 145. Determine r(-4).
-1
Let j = 1454 + -1450. Let z(f) be the third derivative of 0*f**5 + 7/120*f**6 - f**2 + 0*f + 0 + 0*f**3 + 0*f**j. What is z(1)?
7
Let a(o) = 4*o**2 + o. Let g be (-6 - 102/(-18))*-3. Give a(g).
5
Let a(u) be the first derivative of u**4/4 - 3*u**3 - u**2 + 6*u + 1. Suppose -6*n = 339 - 393. What is a(n)?
-12
Let z(m) = m - 2. Suppose 0 = 4*a + 5*r - 52, 3*r = -2*a + 28 - 2. Calculate z(a).
11
Let z(m) = 2*m + 7. Let w = -17 - -12. Let l(y) be the second derivative of y**3/6 + 3*y**2/2 + 26*y. Let r(x) = w*l(x) + 2*z(x). Give r(-4).
3
Let a(p) be the first derivative of -p**4/4 + 8*p**3/3 + 5*p**2 + 3*p - 1. Let z be ((-21438)/(-4764))/(1/(-2) - -1). Give a(z).
12
Suppose -4*r + 5 = 2*b + 3*b, b = 4*r - 23. Suppose 0 = f - 229 - 70. Let m(t) = f - 3*t + 2*t**2 + 7*t - 3*t**2 - 292. What is m(r)?
2
Let k(j) be the second derivative of j**4/12 + j**3 + 3*j**2 - 2*j. Suppose 2*x + 5*t + 8 = -3, 4*t = -2*x - 12. Let d = x - -3. What is k(d)?
1
Let n be (-13)/((-7)/6 + (-2)/(-12)). Let i(u) = n*u + 6 - 6 - 11*u - 3. Let a be (-10)/2 + 4/2. What is i(a)?
-9
Let b(v) = -v**3 - 7*v**2 - 7*v - 3. Let r be b(-6). Let g(d) = 3 - 5*d - 5*d**3 + 5*d**3 + 2*d**3 + 7242*d**2 - 3*d**3 - 7237*d**2. Determine g(r).
6
Let c(y) = -4*y + 0*y - 164 + 158. Give c(-5).
14
Let h(i) be the second derivative of -i**4/6 - 2*i**3/3 + 5*i**2/2 - 8*i - 2. Suppose -3*r - 12 = 0, -3*r - 4 = k + 3*k. Suppose -10 = 3*l + k. What is h(l)?
-11
Let s(f) = f**3 - 4*f**2 - 5*f - 7. Let h = 199 + -215. Suppose 8*j = 3*j - 55. Let x = j - h. Calculate s(x).
-7
Suppose 2*b + 4*p = 6, 4 - 6 = -2*b - 5*p. Let o(c) = -c**2 + 8*c + 9. Calculate o(b).
-24
Let r = 10 + -7. Let i(g) = -g**3 + 2*g**2 + 3*g + 3. Let y be i(r). Let f(a) be the second derivative of a**3/3 - 4*a. Give f(y).
6
Let s(w) = 5 + 8*w**2 + 8*w + 4 - 3*w - 9*w**2 - 4. Give s(6).
-1
Suppose 4*a + j = 18, -j - 6 = 2*j. Let f(o) be the first derivative of 1/2*o**2 - a + 10*o. Determine f(-6).
4
Suppose 24 = -3*v - v. Let s = v + 13. Let g(l) = 35*l - 4 + s - 34*l. What is g(-3)?
0
Let y(p) = 3*p + 2. Let w = 40 - -14. Suppose 3*c = -0*c + w. Suppose -2*u = -2*j - c, j = -u + 3*u - 14. What is y(j)?
-10
Let p(x) = 12*x**3 - x**2 + 11*x**3 - 24*x**3. Determine p(1).
-2
Let c be 12/3 - (-2)/(-1). Suppose c*h + 10 = -0*h. Let i(r) be the third derivative of r**6/120 + r**5/20 - r**4/3 - r**3 + r**2 + 83. Calculate i(h).
-16
Let d(y) be the third derivative of 0*y - y**3 + 0 + y**2 - 5/24*y**4 + 1/60*y**5. Let w(s) = 82*s + 1974. Let j be w(-24). Give d(j).
0
Let q(m) be the third derivative of -m**7/840 - m**6/90 + m**5/30 - m**4/24 - 13*m**3/6 + 12*m**2. Let o(g) be the first derivative of q(g). Determine o(-5).
4
Suppose -17*b - 36 = 15. Let q(g) be the first derivative of g - 2. Let s(f) = -f + 6. Let o(w) = 3*q(w) - s(w). What is o(b)?
-6
Let k be (-4)/(-2) - (3 - 4). Suppose -2 = -k*d + 2*d. Let t(h) = -8 + h**3 + 5 - 5 - 6*h**2 + d*h. What is t(6)?
4
Let u(f) be the third derivative of f**4/12 + 3*f**3/2 - 6*f**2 - 12. Calculate u(9).
27
Let v(g) be the first derivative of g**3/6 - 3*g + 3. Let f(a) be the first derivative of v(a). Let s(c) = c + 1. Let d(b) = -5*f(b) + 2*s(b). Calculate d(2).
-4
Let q(c) = c**2 - 10*c + 12. Suppose 8*k + 50 - 410 = 0. Suppose 2*p - 3*s = 31, -s = -2*p - 3*p + k. Calculate q(p).
-4
Let c be 0*((-20)/(-5))/4. Let i(h) be the third derivative of -2*h**2 + c + 1/24*h**4 + 0*h + 0*h**3. What is i(6)?
6
Let m(a) be the first derivative of a**2/2 - a - 2. Determine m(-4).
-5
Let t(p) = p**2 - 8*p + 5. Let m be t(6). Suppose 4*j - 352 = -400. Let z = j - m. Let f(q) = q**3 + 4*q**2 - 5*q + 6. Determine f(z).
6
Let k(y) = 0 - 6*y**3 - 88*y**2 + 89*y**2 - 1 + 0. Determine k(-1).
6
Let u(c) = -c**2 - 16*c - 20. Suppose -41*a + 15 = -42*a. What is u(a)?
-5
Let q(t) be the third derivative of 29*t**2 + 0 + 1/120*t**6 - 1/6*t**3 - 1/6*t**4 + 0*t - 1/15*t**5. Determine q(4).
-17
Let w(i) be the third derivative of i**4/12 - 22*i**3/3 - 13*i**2 + 4*i. Determine w(19).
-6
Let n(s) = 2*s**2 - 18*s + 8. Suppose 25*d - 30 = 170. Calculate n(d).
-8
Let i(j) = j**2 + 6. Let p(q) = q - 18. Let h be p(6). Let y = h - -12. Calculate i(y).
6
Let b(k) be the third derivative of -k**4/12 - 2*k**3 + 5*k**2. Let u be b(-9). Let p(q) = -5*q + 1. Let x(y) = 4*y. Let h(j) = -5*p(j) - 6*x(j). What is h(u)?
1
Suppose 4*j = 0, 6 = 3*z + j + j. Let k(l) = 24 - 2*l + 25 + 4*l - 51. What is k(z)?
2
Let v(a) = -5*a**2 - 2*a + 1. Let w = -304 + 306. Determine v(w).
-23
Let b(r) = -16*r. Let v(q) = 30*q + 1. Let a(g) = 11*b(g) + 6*v(g). Determine a(6).
30
Let z = 27 + -15. Suppose 3*a - z = -a. Let k(d) = 4*d - 7. Calculate k(a).
5
Let r(z) = z**3 + 3*z**2 - 3*z + 1. Let q = -2 + 17. Let j = -19 + q. Let c be r(j). Let l(i) = -i**2 - 4*i + 4. Give l(c).
7
Let t(g) = -3*g**3 - g**2 - g. Let c be t(-1). Let d(n) = 5*n**c + 1 - 7*n**3 - 5*n**3. Let b be d(1). Let y(x) = x**3 + 7*x**2 + 6*x - 5. What is y(b)?
-5
Let i(r) = 13*r**2 + 2*r - 2. Let d(n) = -n**3 - 3*n**2 + 8*n - 8. Let h be d(-5). Give i(h).
54
Let s be -3 - -2 - (0 - -3). Let j(h) = 23*h**2 - 21*h - 3. Let b(g) = -7*g**2 + 6*g + 1. Let y(c) = 10*b(c) + 3*j(c). What is y(s)?
-3
Suppose -60*w - 7 = -67*w. Let n(i) = 33*i**2 + i. Give n(w).
34
Let z(w) be the third derivative of -3*w**4/8 - w**3/2 + 17*w**2 - 2. What is z(-1)?
6
Let j(x) be the second derivative of x**3/3 - 2*x**2 - 67*x. Let t = 7 - 3. What is j(t)?
4
Let y be ((-1)/3)/(4/(-132)). Let b(n) = -n + 11. Let u be b(y). Let r(x) = u - 3*x - 8 + 9. What is r(4)?
-11
Suppose 5*i = -5, 7*h - 8*h + 2*i = -12. Let c be ((-20)/(-8))/(1/(-4)). Let g be (-2)/c + (-2)/h. Let u(f) = -f + 11. Give u(g).
11
Let f(s) = -s - 16. Suppose -8 = -2*t + 12*m - 14*m, m - 4 = 0. What is f(t)?
-16
Let a(p) be the first derivative of -p**3/3 + 4*p**2 - 8*p + 14. Let y be a(7). Let b(m) = 3*m**2 - m - 1. Give b(y).
3
Suppose -h - 2 = -3*k + 4, 5*h - 4*k = -8. Suppose 0 = v - 0*w - w, -v + 2*w - 3 = h. Let j(r) = -r**2 + 8*r - 2. What is j(v)?
13
Let m(q) be the second derivative of q**4/6 - 5*q**3/6 - q**2/2 - 54*q. Let y be 15/4 + 1/4. Calculate m(y).
11
Let l(j) be the first derivative of -j**3/3 + 3*j**2/2 + 8*j + 81. Give l(4).
4
Let s(f) = -f**2 + 4*f - 1. Suppose -3*o = -5*n + 229, -2*n - 3*n - 2*o + 214 = 0. Let r be (-6)/(-33) - (-212)/n. Suppose 0*l - 10 = -r*l. Determine s(l).
3
Let x(n) = 18 - 8*n**2 + 0*n**3 - 7 - n + n**3. Let p(u) = -u**3 + u**2 + 20*u + 68. Let d be p(6). Calculate x(d).
3
Let x(d) = -d**3 - 10*d**2 - 11*d - 7. Let o(h) = h**2 + h. Let a(l) = 3*o(l) + x(l). Determine a(-5).
-17
Let c(u) be the third derivative of -u**6/120 - u**5/6 - 3*u**4/